) to base 10.
-23
What is 23 (base 5) in base 4?
31
6 (base 15) to base 2
110
Convert -150 (base 10) to base 11.
-127
Convert 12 (base 11) to base 15.
d
-11 (base 3) to base 10
-4
10202 (base 3) to base 10
101
Convert -13 (base 11) to base 2.
-1110
Convert 55 (base 8) to base 14.
33
What is -1 (base 14) in base 2?
-1
Convert -6 (base 7) to base 4.
-12
What is 21 (base 14) in base 6?
45
Convert -a (base 12) to base 10.
-10
7 (base 10) to base 7
10
-12 (base 8) to base 16
-a
-111 (base 5) to base 10
-31
What is 1 (base 10) in base 9?
1
9 (base 16) to base 15
9
Convert -104 (base 15) to base 5.
-1404
-1 (base 8) to base 12
-1
Convert 19 (base 15) to base 11.
22
-111110 (base 2) to base 8
-76
Convert 1 (base 16) to base 4.
1
Convert 5 (base 11) to base 12.
5
What is 22 (base 6) in base 8?
16
What is 31 (base 4) in base 8?
15
0 (base 13) to base 4
0
Convert -31 (base 5) to base 3.
-121
-61 (base 9) to base 3
-2001
What is -7 (base 16) in base 8?
-7
6 (base 12) to base 11
6
-9 (base 15) to base 5
-14
What is -110 (base 2) in base 7?
-6
Convert 31 (base 4) to base 16.
d
What is 70 (base 10) in base 5?
240
What is 111 (base 3) in base 13?
10
Convert ab (base 13) to base 14.
a1
What is 4 (base 8) in base 2?
100
Convert 1 (base 3) to base 5.
1
13 (base 15) to base 11
17
-1 (base 16) to base 13
-1
-11 (base 4) to base 14
-5
What is 176 (base 8) in base 3?
11200
111 (base 2) to base 4
13
Convert 5 (base 8) to base 15.
5
-2 (base 4) to base 16
-2
What is 3131 (base 4) in base 10?
221
Convert 4 (base 11) to base 4.
10
What is 0 (base 16) in base 15?
0
Convert 1 (base 12) to base 14.
1
What is -2a (base 11) in base 10?
-32
Convert 21 (base 8) to base 4.
101
What is -3 (base 13) in base 9?
-3
2102 (base 3) to base 11
5a
Convert -450 (base 7) to base 10.
-231
What is -1 (base 9) in base 3?
-1
a8 (base 16) to base 5
1133
42 (base 5) to base 2
10110
What is 9 (base 12) in base 9?
10
What is -2000 (base 3) in base 7?
-105
What is -3 (base 14) in base 12?
-3
What is 1 (base 14) in base 12?
1
What is 0 (base 10) in base 15?
0
Convert -248 (base 10) to base 15.
-118
Convert 212 (base 4) to base 16.
26
Convert 214 (base 5) to base 4.
323
-105 (base 10) to base 8
-151
Convert -110100 (base 2) to base 7.
-103
3 (base 7) to base 12
3
Convert 3333 (base 4) to base 9.
313
What is 8e (base 16) in base 2?
10001110
What is 3 (base 13) in base 8?
3
12 (base 3) to base 6
5
Convert 114 (base 6) to base 2.
101110
What is -2 (base 4) in base 9?
-2
30 (base 14) to base 7
60
10 (base 5) to base 14
5
Convert -2110 (base 3) to base 11.
-60
Convert 4 (base 6) to base 14.
4
-1 (base 10) to base 5
-1
What is -2211 (base 3) in base 5?
-301
What is -6 (base 12) in base 10?
-6
What is -6a (base 15) in base 12?
-84
What is 10001001 (base 2) in base 16?
89
What is -2120 (base 3) in base 5?
-234
334 (base 7) to base 14
c4
Convert -110 (base 2) to base 13.
-6
What is -5 (base 6) in base 3?
-12
Convert -42 (base 7) to base 3.
-1010
Convert -2 (base 6) to base 13.
-2
31 (base 6) to base 5
34
Convert -524 (base 6) to base 13.
-121
Convert 12 (base 12) to base 16.
e
What is -1 (base 11) in base 8?
-1
4d (base 16) to base 9
85
Convert -4 (base 8) to base 12.
-4
Convert -13 (base 12) to base 2.
-1111
What is -110 (base 3) in base 4?
-30
What is -125 (base 11) in base 4?
-2110
Convert -9a (base 11) to base 13.
-85
What is 5 (base 13) in base 6?
5
Convert 310 (base 5) to base 15.
55
Convert 11 (base 11) to base 7.
15
Convert -2001 (base 3) to base 14.
-3d
What is 8c (base 15) in base 14?
96
What is -4 (base 7) in base 10?
-4
Convert -15 (base 11) to base 15.
-11
What is -4 (base 7) in base 6?
-4
Convert -22001 (base 3) to base 15.
-e7
-2 (base 14) to base 12
-2
1 (base 2) to base 8
1
-1 (base 11) to base 6
-1
Convert -3 (base 16) to base 7.
-3
12132 (base 4) to base 15
1c9
Convert 5 (base 14) to base 15.
5
Convert -13 (base 7) to base 10.
-10
What is 15a (base 11) in base 10?
186
Convert -1 (base 5) to base 7.
-1
What is -201 (base 3) in base 6?
-31
What is -3 (base 6) in base 7?
-3
Convert 45 (base 8) to base 6.
101
What is -33 (base 11) in base 8?
-44
What is -54 (base 8) in base 13?
-35
What is 126 (base 9) in base 16?
69
What is -12 (base 7) in base 4?
-21
Convert 1001 (base 3) to base 16.
1c
-12 (base 11) to base 12
-11
Convert 1 (base 13) to base 6.
1
What is -100110000 (base 2) in base 10?
-304
Convert -6 (base 12) to base 13.
-6
20b (base 13) to base 5
2344
-20 (base 11) to base 2
-10110
What is -8d (base 14) in base 13?
-98
Convert 25 (base 7) to base 12.
17
Convert 1 (base 11) to base 12.
1
13 (base 9) to base 14
c
Convert -1420 (base 6) to base 12.
-270
-620 (base 7) to base 11
-260
Convert -3 (base 11) to base 7.
-3
Convert 21 (base 11) to base 15.
18
-11011 (base 2) to base 7
-36
-4 (base 9) to base 12
-4
34 (base 7) to base 6
41
-5 (base 14) to base 3
-12
11 (base 8) to base 7
12
What is 31 (base 5) in base 8?
20
What is 10 (base 3) in base 11?
3
What is 12b (base 16) in base 5?
2144
What is -20 (base 15) in base 12?
-26
What is -4a (base 14) in base 8?
-102
What is 7 (base 9) in base 12?
7
-5 (base 16) to base 10
-5
Convert a (base 11) to base 2.
1010
What is 20 (base 10) in base 2?
10100
What is 122 (base 4) in base 11?
24
Convert -65 (base 7) to base 15.
-32
Convert 10111100 (base 2) to base 4.
2330
What is 4 (base 8) in base 4?
10
What is -9 (base 11) in base 4?
-21
Convert 12 (base 5) to base 13.
7
Convert 324 (base 6) to base 16.
7c
9 (base 13) to base 2
1001
What is 21 (base 5) in base 11?
10
What is -101 (base 4) in base 9?
-18
Convert -17 (base 8) to base 12.
-13
What is 1313 (base 5) in base 3?
21201
-7 (base 8) to base 4
-13
2 (base 4) to base 7
2
Convert -2 (base 9) to base 16.
-2
13 (base 4) to base 3
21
Convert 56 (base 8) to base 11.
42
Convert -515 (base 6) to base 14.
-d9
What is 2b (base 12) in base 2?
100011
-7b (base 16) to base 9
-146
b (base 16) to base 2
1011
-1101 (base 2) to base 16
-d
-200 (base 10) to base 15
-d5
11 (base 8) to base 10
9
What is 5 (base 6) in base 10?
5
What is 16 (base 13) in base 6?
31
What is 11001 (base 2) in base 9?
27
What is -1011 (base 3) in base 16?
-1f
Convert -35 (base 6) to base 10.
-23
2024 (base 5) to base 15
129
Convert -13 (base 15) to base 11.
-17
-5 (base 15) to base 2
-101
3 (base 12) to base 8
3
17 (base 8) to base 7
21
What is 101001 (base 2) in base 16?
29
Convert 10 (base 12) to base 8.
14
Convert -21 (base 5) to base 16.
-b
31 (base 9) to base 12
24
Convert 100 (base 3) to base 7.
12
What is -150 (base 6) in base 10?
-66
Convert 201 (base 3) to base 8.
23
13 (base 5) to base 6
12
What is 24 (base 5) in base 11?
13
What is -58 (base 16) in base 14?
-64
What is -21 (base 5) in base 3?
-102
-65 (base 7) to base 14
-35
Convert -14 (base 13) to base 11.
-16
Convert 25 (base 10) to base 12.
21
Convert -11101 (base 3) to base 15.
-7d
Convert 2 (base 5) to base 10.
2
What is -17 (base 11) in base 10?
-18
3 (base 5) to base 10
3
What is 39 (base 13) in base 12?
40
What is -ae (base 15) in base 5?
-1124
What is -3b (base 16) in base 3?
-2012
What is -3 (base 7) in base 5?
-3
Convert -12 (base 14) to base 10.
-16
Convert -7 (base 8) to base 5.
-12
Convert -ad (base 15) to base 6.
-431
What is 100 (base 2) in base 7?
4
Convert -2 (base 3) to base 12.
-2
What is -3 (base 5) in base 8?
-3
What is -304 (base 10) in base 5?
-2204
-3033 (base 4) to base 8
-317
Convert -32 (base 7) to base 3.
-212
-7 (base 12) to base 8
-7
Convert -1 (base 4) to base 9.
-1
What is -7 (base 14) in base 6?
-11
62 (base 7) to base 16
2c
Convert 5 (base 12) to base 6.
5
1100010 (base 2) to base 13
77
-10 (base 7) to base 16
-7
-1 (base 11) to base 5
-1
Convert -1b (base 14) to base 7.
-34
Convert -1 (base 14) to base 12.
-1
Convert 6 (base 14) to base 13.
6
Convert -2 (base 13) to base 15.
-2
Convert 22 (base 4) to base 7.
13
What is 110 (base 2) in base 11?
6
What is 36 (base 13) in base 6?
113
What is 24 (base 10) in base 15?
19
What is -1 (base 8) in base 7?
-1
Convert 13 (base 5) to base 15.
8
Convert -1 (base 10) to base 11.
-1
-33 (base 8) to base 2
-11011
Convert 1 (base 7) to base 15.
1
Convert a (base 13) to base 16.
a
Convert -240 (base 8) to base 11.
-136
Convert 11 (base 2) to base 14.
3
-3 (base 4) to base 15
-3
-2 (base 14) to base 8
-2
Wha